s u(n)?
-2
Let h(f) = f. Let a(p) = p**3 + 11*p**2 + 10*p - 7. Let t be a(-10). Let q = -4 - t. Give h(q).
3
Let y(i) = 90*i**2 + 2 + 9*i + 89*i**2 - 178*i**2. Calculate y(-6).
-16
Suppose -5*l + 25 = w, 0*w - 2*w = 2*l - 18. Let o(b) = b + 4. Calculate o(l).
8
Let a(y) = 8 + 0 - 2 + 3*y. Suppose -5*s + 4*p = 28, -s + 3*p = 6 + 4. Determine a(s).
-6
Let a = 2 - -2. Let p(c) = -a + c + 2*c**2 - 2*c**2 + c**2. Let l be 0 - 3 - -1 - -5. Calculate p(l).
8
Let o(c) = 6*c**2 + 5*c - 31. Let z(w) = w - 8. Let v be z(6). Let m = -4 - v. Let j(x) = x**2 + x - 6. Let g(q) = m*o(q) + 11*j(q). Calculate g(0).
-4
Let v(u) be the first derivative of -u**6/120 + u**5/15 - u**3/6 + 3*u**2/2 - 2. Let i(y) be the second derivative of v(y). What is i(4)?
-1
Let j(d) = -d**3 + d**2 - 1. Let y(x) = -3*x**3 - x**2 + 4*x - 1. Let t(a) = -2*j(a) + y(a). Let o be -4*1/((-2)/(-2)). Calculate t(o).
1
Let l be 4 + -1 - (-2 + 1). Let u = l + -9. Let r(j) = -j**2 - 7*j - 7. Calculate r(u).
3
Suppose 0 = q + 5 + 1. Let f(c) = -7*c**2 - 5 + c - 3*c - c**3 - 4*c. Give f(q).
-5
Let s(c) = -c + 0*c**3 - 14*c**2 - 2*c + c**3 + 15*c**2. What is s(-3)?
-9
Let a(o) = -o**2 + 5*o - 1. Let f(q) = -1. Let w(v) = -a(v) - 3*f(v). What is w(5)?
4
Let h(v) = -v. Let x(y) = 6*y - 6. Let b(p) = 5*h(p) + x(p). Determine b(5).
-1
Suppose u - 3 = -t, 0*t + t - 7 = -3*u. Let f(d) = 4*d - 1. Determine f(u).
7
Let u(b) = b**3 - 3 + 6 - 4*b**2 - b - 2*b + 3. Determine u(4).
-6
Let w = -5 - -8. Suppose -3*c + 0 = -w*g - 6, -4*c = 3*g - 8. Let z = 2 - c. Let m(n) = -n - 7. Calculate m(z).
-7
Let u be ((-8)/4)/(4/(-10)). Suppose 3*d = -10 - u, 5*d + 29 = -4*v. Let h(s) = -s**2 - s. Let o(r) = -10*r**2 - 5*r. Let p(n) = -5*h(n) + o(n). What is p(v)?
-5
Let t be ((-6)/(-4))/((-7)/(-14)). Let u(v) = -v**2 + 2 - 3 + v + 2*v**3 + 3*v**t. Let h be 2/4 + 1/2. What is u(h)?
4
Let t(l) = l**3 + 4*l**2 + 4*l + 3. Let z be 0 - (-6)/(-9)*3. Calculate t(z).
3
Let s(y) = -4*y**3 - 2*y**2 - 2*y - 1. Let p = -1 + 0. Let c be p/(2 + (2 - 3)). What is s(c)?
3
Let z(m) = m**2 - 8*m + 7. Let k be 0 - (1 - 4) - -3. Let q be z(k). Let u(j) = -j**2 - 6*j + 3. Determine u(q).
8
Let u(h) = 1. Let w(j) = 5*j - 11. Let a(z) = -5*u(z) - w(z). Let d(i) = -4*i + 5. Let v(o) = -3*a(o) + 4*d(o). Give v(5).
-3
Let s = -7 + 13. Suppose 16 - s = 2*i. Let z = 5 - i. Let u(y) = y**3 - y**2 + y + 3. Determine u(z).
3
Let g(u) = u**3 - u**2 + 2*u - 1. Suppose -w + 28 = w. Let m be 3*(w/6 + -2). Calculate g(m).
1
Let g(d) = -d**2 - d - 7. Let y(f) = -f - 3. Let u be y(-6). Let k(c) = 2*c**2 + c + 15. Let l(o) = u*k(o) + 7*g(o). Calculate l(-4).
-4
Let r(c) be the third derivative of -c**5/60 + c**4/3 + c**3/3 + 5*c**2. Let o be (6 - 3)/(3/8). What is r(o)?
2
Let k(b) be the first derivative of b**4/4 + 2*b**3 - 4*b**2 - 10*b - 6. Determine k(-7).
-3
Let o(f) = f - 2. Let i be 3/12 + (-54)/(-8). Give o(i).
5
Let w(y) be the third derivative of y**4/24 - 3*y**2. Suppose 44 = 4*d + b, 0 = -d - 4*b - 0 - 4. Let x = -17 + d. Calculate w(x).
-5
Suppose -3*w - 6 = -5*w. Let z(i) = -5*i**2 - 17*i - 21. Let g(a) = -a**2 - 4*a - 5. Let v(c) = 9*g(c) - 2*z(c). Calculate v(w).
0
Let g = 25 + -26. Let m(k) = -2*k. Determine m(g).
2
Let g(t) = t**2 - 1. Let n be (3 - (0 + 3))/3. Let h be n/(0 + (-3)/(-1)). Calculate g(h).
-1
Let l(n) = n - 4*n + 2*n - n**3 - n**2. Let p = -6 + 7. Let y(x) = 7*x**3 + 4*x**2 + 2*x - 1. Let d(t) = p*y(t) + 2*l(t). Calculate d(-1).
-4
Let f(y) = -y**3 - 7*y**2 - 6*y + 2. Let h be f(-6). Suppose i + h*i = 15. Let l(u) = -4 + i*u + 1 + 3. Determine l(-1).
-5
Let u(t) = -t**2 + 5*t + 3. Let r be ((-2)/4)/(5/10). Let a be 3/r - (-14 - -6). Calculate u(a).
3
Let j be (0 - 2)/((-4)/6). Let w(f) = -f + 3. Determine w(j).
0
Let h be (3 + 2)/(-1) + 2. Let m(i) be the third derivative of 0*i - 3*i**2 + 0 + 2/3*i**3 + 1/8*i**4. Determine m(h).
-5
Let j(k) = k - 1. Let i(l) = -l**2 - l + 2. Let v(z) = i(z) + 2*j(z). Suppose 4*c = -3*r + 16, 4*r - 20 + 0 = -4*c. What is v(c)?
0
Let y(g) = g**2 - 6*g + 5. Let o be y(5). Let n(v) = -5*v + 0 + o*v + v + 7 - 6*v**2 - v**3. Determine n(-5).
2
Let o(w) = 6*w**3 - 4*w**2 - 3. Let y(m) = 11*m**3 - 9*m**2 + m - 7. Let x(k) = 5*o(k) - 2*y(k). What is x(-1)?
-9
Let m(p) = 1. Let r(f) = f**2 - 2*f - 4. Let y be r(4). Let q(x) = x - 2. Let u(i) = y*m(i) + 3*q(i). Give u(2).
4
Let i(p) = p + 2. Let u = -6 - -10. What is i(u)?
6
Let w(d) = d**3 + 5*d**2 + 2*d. Let y(g) = -g**2 + 10*g + 8. Let m be y(11). Give w(m).
12
Let q(h) = -h**2 + 3*h + 3. Let v(z) = 2*z**2 + 2*z - 1. Let d be v(-3). Let b be ((-10)/(-2) - -2)/1. Let s = d - b. Calculate q(s).
-1
Let x(n) = -4*n**3 - 1. Suppose -5*u + 2*u = z - 17, 2*u - z = 8. Let p(o) = 3*o**2 - 3 + o**3 - u*o - o**2 + o**2. Let r be p(-4). Give x(r).
-5
Let z(v) = v**3 + 9*v**2 + 8*v. Let w be z(-8). Let y(x) = 0 + 3*x + w*x - 1 + x**2 + x. What is y(-3)?
-4
Let i(k) = -2*k**3 + 13*k**2 + 17*k - 6. Let n(x) = 3*x**3 + 7 - 19*x**2 - 28*x + 2 + 3*x. Let g(t) = 7*i(t) + 5*n(t). Suppose 23 = 3*j + 8. Calculate g(j).
-2
Let r(m) = m**3 - 5*m**2 + 6*m - 1. Let t(n) = n + 7. Let g be t(-3). Determine r(g).
7
Let m = -3 + 3. Let h(g) = -g**3 - g**2 + g + 4. What is h(m)?
4
Let v(s) = -4*s**2 + 6*s + 9 + 7*s**2 - 2*s**2. Suppose -10*k + 26 = -l - 5*k, -5*l + 2*k = 38. Determine v(l).
9
Let z(v) = -3 + 7*v**2 - v**3 - 21*v**2 + 10*v**2 + 4*v. Let l = 13 + -18. What is z(l)?
2
Let o = -16 + 28. Suppose -5*q + o = 2*n - 0*n, 4*q = -5*n + 13. Let f(g) = g**2 - 2*g. What is f(q)?
0
Let d(m) = -4*m**2 + 2*m - 2. Let x(p) = -5*p**2 + 2*p - 2. Let q(h) = 6*d(h) - 5*x(h). Let v be (3 - 1)/(2/(-4)). Give q(v).
6
Suppose 2*t + 52 = -4. Let q be (-8)/(-12) + t/6. Let d(v) = v**2 - 1. Let p(z) = -z**2 + 3*z - 2. Let b(f) = -2*d(f) - p(f). Calculate b(q).
0
Let f = 19 + -31. Let u = -7 - f. Let k(b) = -b + 7. Calculate k(u).
2
Let p be (-4*(-4)/(-16))/1. Let i(f) = 7*f**2 + 2*f + 1. Give i(p).
6
Let g(x) be the first derivative of 16*x**3/3 + x**2/2 - x + 16. Determine g(1).
16
Let s be 0 - ((-5)/2)/5. Let i(z) be the second derivative of -2*z + 0 + s*z**2 - 1/6*z**3. Calculate i(-4).
5
Let k(r) be the third derivative of 5*r**4/24 - r**3/6 + 5*r**2. Calculate k(-2).
-11
Suppose -5*b = 20, 0*b + 2*b = 3*s - 23. Let n = 5 + -3. Let d be 4*(s/2 - n). Let x(t) = t + 1. Determine x(d).
3
Let v(m) = 5*m**3 + 4 - 5*m**3 + 6*m + 4*m**2 + 3 - m**3. What is v(5)?
12
Let z be -2 + (-6)/2 + 12. Suppose z*w = 2*w - 20. Let h(j) = j**3 + 3*j**2 - 3*j - 5. Calculate h(w).
-9
Let k(p) = -2*p - 6. Suppose 2*s - 25 = -3*s. Calculate k(s).
-16
Suppose 5*w + 1 = -4, 5*w = x - 14. Let n(r) = -r + 0 + x + 0*r**2 + r**2 - 1. Determine n(0).
8
Let n = 21 - 11. Suppose f + 5*a + 4 = -n, -4*f - 2*a = 2. Let m(w) = -f + 1 - 2*w**2 - w**2 + w**3 - 4*w. Give m(4).
0
Let a(i) = -i + 1. Let o(n) = -n**2 - 2*n + 2. Let x be o(-3). Let w(r) = 6*r**2 - 7*r + 5. Let z(t) = x*w(t) + 6*a(t). Determine z(-1).
-6
Let d(j) = -j**2 + 7*j - 3. Let k(h) = -h**3 + 8*h**2 - 4*h - 14. Let m be k(7). Give d(m).
-3
Let h(w) be the third derivative of -w**4/12 - 5*w**3/6 - 2*w**2. Let f(c) = 3*c + 6. Let k = 7 - 11. Let x(s) = k*h(s) - 3*f(s). What is x(0)?
2
Let z(t) = t**3 - 5*t**2 - 5*t - 4. Let n be z(6). Suppose 0 = n*p - 13 + 3. Let r(a) = -a + 7. Let d(l) = 2*l - 15. Let v(g) = -6*d(g) - 13*r(g). Give v(p).
4
Let b(p) = -p + 1. Let n(x) = 2*x - 4. Let g(k) = 3*b(k) + n(k). Give g(-4).
3
Let r(w) = -3*w**2 - w + 1. Let z(u) = -u + 0*u + 2*u. Let o be z(-2). What is r(o)?
-9
Let r(k) = -7*k**3 + 14*k**2 + 14*k + 3. Let m(h) = 6*h**3 - 13*h**2 - 13*h - 4. Let z(v) = -6*m(v) - 5*r(v). Calculate z(9).
0
Let q(k) = -5*k**2 + 11*k - 4. Let i(z) = -4*z**2 + 10*z - 3. Let c(t) = -6*i(t) + 5*q(t). Give c(-2).
4
Suppose -3*g = -a + 9, -2*a + 0*a - 2*g - 14 = 0. Let q(l) = l + 7. Calculate q(a).
4
Let t(o) = -2*o**2 - 4*o - o + 2*o**3 + 3*o. Let g = 2 + 0. Let d be (g/(-3))/(2/(-6)). Determine t(d).
4
Let m(b) be the third derivative of b**4/24 - 5*b**3/6 + 16*b**2. What is m(6)?
1
Let v(m) = m**3 - 4*m**2 - 1. Let c be v(4). Let a(d) = 6*d**2 - 1. Calculate a(c).
5
Let c = 1 - 4. Let s(o) = 11*o**3 + 4*o**2 + 3*o - 4. Let p(b) = -10*b**3 - 3*b**2 - 2*b + 3. Let y(i) = c*s(i) - 4*p(i). Give y(1).
6
Let w = 5 + 2. Suppose 5*o - 4